Last updated on 2024-07-04 00:59:52 CEST.
Flavor | Version | Tinstall | Tcheck | Ttotal | Status | Flags |
---|---|---|---|---|---|---|
r-devel-linux-x86_64-debian-clang | 0.1.0 | 1.95 | 20.53 | 22.48 | NOTE | |
r-devel-linux-x86_64-debian-gcc | 0.1.0 | 1.52 | 15.75 | 17.27 | NOTE | |
r-devel-linux-x86_64-fedora-clang | 0.1.0 | 27.83 | NOTE | |||
r-devel-linux-x86_64-fedora-gcc | 0.1.0 | 26.74 | NOTE | |||
r-devel-windows-x86_64 | 0.1.0 | 4.00 | 38.00 | 42.00 | NOTE | |
r-patched-linux-x86_64 | 0.1.0 | 1.45 | 19.24 | 20.69 | NOTE | |
r-release-linux-x86_64 | 0.1.0 | 1.39 | 18.88 | 20.27 | NOTE | |
r-release-macos-arm64 | 0.1.0 | 14.00 | NOTE | |||
r-release-macos-x86_64 | 0.1.0 | 20.00 | NOTE | |||
r-release-windows-x86_64 | 0.1.0 | 4.00 | 37.00 | 41.00 | NOTE | |
r-oldrel-macos-arm64 | 0.1.0 | 14.00 | NOTE | |||
r-oldrel-macos-x86_64 | 0.1.0 | 19.00 | NOTE | |||
r-oldrel-windows-x86_64 | 0.1.0 | 4.00 | 37.00 | 41.00 | NOTE |
Version: 0.1.0
Check: LazyData
Result: NOTE
'LazyData' is specified without a 'data' directory
Flavors: r-devel-linux-x86_64-debian-clang, r-devel-linux-x86_64-debian-gcc, r-devel-linux-x86_64-fedora-clang, r-devel-linux-x86_64-fedora-gcc, r-devel-windows-x86_64, r-patched-linux-x86_64, r-release-linux-x86_64, r-release-macos-arm64, r-release-macos-x86_64, r-release-windows-x86_64, r-oldrel-macos-arm64, r-oldrel-macos-x86_64, r-oldrel-windows-x86_64
Version: 0.1.0
Check: dependencies in R code
Result: NOTE
Namespaces in Imports field not imported from:
‘LaplacesDemon’ ‘epitools’ ‘rpivotTable’ ‘shiny’ ‘shinyMatrix’
All declared Imports should be used.
Flavors: r-devel-linux-x86_64-fedora-clang, r-devel-linux-x86_64-fedora-gcc