Last updated on 2024-08-16 12:49:16 CEST.
Flavor | Version | Tinstall | Tcheck | Ttotal | Status | Flags |
---|---|---|---|---|---|---|
r-devel-linux-x86_64-debian-clang | 1.0.3 | 73.25 | 27.40 | 100.65 | OK | |
r-devel-linux-x86_64-debian-gcc | 1.0.3 | 54.45 | 21.27 | 75.72 | OK | |
r-devel-linux-x86_64-fedora-clang | 1.0.3 | 198.59 | OK | |||
r-devel-linux-x86_64-fedora-gcc | 1.0.3 | 211.10 | OK | |||
r-devel-windows-x86_64 | 1.0.3 | 88.00 | 64.00 | 152.00 | OK | |
r-patched-linux-x86_64 | 1.0.3 | 73.34 | 26.50 | 99.84 | OK | |
r-release-linux-x86_64 | 1.0.3 | 75.34 | 26.54 | 101.88 | OK | |
r-release-macos-arm64 | 1.0.3 | 85.00 | NOTE | |||
r-release-macos-x86_64 | 1.0.3 | 86.00 | NOTE | |||
r-release-windows-x86_64 | 1.0.3 | 89.00 | 64.00 | 153.00 | OK | |
r-oldrel-macos-arm64 | 1.0.3 | 58.00 | NOTE | |||
r-oldrel-macos-x86_64 | 1.0.3 | 72.00 | NOTE | |||
r-oldrel-windows-x86_64 | 1.0.3 | 106.00 | 76.00 | 182.00 | OK |
Version: 1.0.3
Check: installed package size
Result: NOTE
installed size is 5.1Mb
sub-directories of 1Mb or more:
libs 5.0Mb
Flavors: r-release-macos-arm64, r-release-macos-x86_64, r-oldrel-macos-arm64, r-oldrel-macos-x86_64