Last updated on 2024-08-16 12:49:15 CEST.
Flavor | Version | Tinstall | Tcheck | Ttotal | Status | Flags |
---|---|---|---|---|---|---|
r-devel-linux-x86_64-debian-clang | 0.3.4 | 23.27 | 217.01 | 240.28 | NOTE | |
r-devel-linux-x86_64-debian-gcc | 0.3.4 | 14.63 | 149.28 | 163.91 | NOTE | |
r-devel-linux-x86_64-fedora-clang | 0.3.4 | 389.67 | NOTE | |||
r-devel-linux-x86_64-fedora-gcc | 0.3.4 | 384.32 | NOTE | |||
r-devel-windows-x86_64 | 0.3.4 | 25.00 | 312.00 | 337.00 | NOTE | |
r-patched-linux-x86_64 | 0.3.4 | 17.95 | 205.18 | 223.13 | NOTE | |
r-release-linux-x86_64 | 0.3.4 | 18.24 | 205.88 | 224.12 | NOTE | |
r-release-macos-arm64 | 0.3.4 | 106.00 | NOTE | |||
r-release-macos-x86_64 | 0.3.4 | 167.00 | NOTE | |||
r-release-windows-x86_64 | 0.3.4 | 26.00 | 313.00 | 339.00 | NOTE | |
r-oldrel-macos-arm64 | 0.3.4 | 9.00 | ERROR | |||
r-oldrel-macos-x86_64 | 0.3.4 | 195.00 | NOTE | |||
r-oldrel-windows-x86_64 | 0.3.4 | 34.00 | 345.00 | 379.00 | NOTE |
Version: 0.3.4
Check: C++ specification
Result: NOTE
Specified C++11: please drop specification unless essential
Flavors: r-devel-linux-x86_64-debian-clang, r-devel-linux-x86_64-debian-gcc, r-devel-linux-x86_64-fedora-clang, r-devel-linux-x86_64-fedora-gcc, r-devel-windows-x86_64, r-patched-linux-x86_64, r-release-linux-x86_64, r-release-macos-arm64, r-release-macos-x86_64, r-release-windows-x86_64, r-oldrel-macos-x86_64, r-oldrel-windows-x86_64
Version: 0.3.4
Check: installed package size
Result: NOTE
installed size is 5.1Mb
sub-directories of 1Mb or more:
doc 1.5Mb
extdata 3.2Mb
Flavors: r-devel-linux-x86_64-fedora-clang, r-devel-windows-x86_64, r-release-macos-arm64, r-release-macos-x86_64, r-release-windows-x86_64, r-oldrel-macos-x86_64, r-oldrel-windows-x86_64
Version: 0.3.4
Check: package dependencies
Result: ERROR
Package required but not available: ‘snpStats’
See section ‘The DESCRIPTION file’ in the ‘Writing R Extensions’
manual.
Flavor: r-oldrel-macos-arm64