Last updated on 2024-07-22 21:56:37 CEST.
Flavor | Version | Tinstall | Tcheck | Ttotal | Status | Flags |
---|---|---|---|---|---|---|
r-devel-linux-x86_64-debian-clang | 0.3-0 | 3.45 | 51.31 | 54.76 | OK | --no-tests |
r-devel-linux-x86_64-debian-gcc | 0.3-0 | 4.43 | 36.85 | 41.28 | OK | --no-tests |
r-patched-linux-x86_64 | 0.3-0 | 5.65 | 49.65 | 55.30 | OK | --no-tests |
r-release-linux-x86_64 | 0.3-0 | 5.61 | 48.00 | 53.61 | OK | --no-tests |
r-release-macos-arm64 | 0.3-0 | 5.00 | ERROR | |||
r-release-macos-x86_64 | 0.3-0 | 7.00 | ERROR | |||
r-release-windows-x86_64 | 0.3-0 | 1.00 | 4.00 | 5.00 | ERROR | |
r-oldrel-macos-arm64 | 0.3-0 | 10.00 | FAIL | |||
r-oldrel-macos-x86_64 | 0.3-0 | 12.00 | ERROR | |||
r-oldrel-windows-x86_64 | 0.3-0 | 1.00 | 7.00 | 8.00 | ERROR |
Version: 0.3-0
Check: package dependencies
Result: ERROR
Package required but not available: ‘Rcplex’
See section ‘The DESCRIPTION file’ in the ‘Writing R Extensions’
manual.
Flavors: r-release-macos-arm64, r-release-macos-x86_64, r-release-windows-x86_64, r-oldrel-macos-x86_64, r-oldrel-windows-x86_64
Version: 0.3-0
Check: package dependencies
Result: FAIL
Flavor: r-oldrel-macos-arm64