Last updated on 2024-08-16 06:50:09 CEST.
Flavor | Version | Tinstall | Tcheck | Ttotal | Status | Flags |
---|---|---|---|---|---|---|
r-devel-linux-x86_64-debian-clang | 0.1.7 | 37.04 | 40.09 | 77.13 | NOTE | |
r-devel-linux-x86_64-debian-gcc | 0.1.7 | 24.06 | 31.68 | 55.74 | NOTE | |
r-devel-linux-x86_64-fedora-clang | 0.1.7 | 142.65 | NOTE | |||
r-devel-linux-x86_64-fedora-gcc | 0.1.7 | 153.89 | NOTE | |||
r-devel-windows-x86_64 | 0.1.7 | 40.00 | 148.00 | 188.00 | NOTE | |
r-patched-linux-x86_64 | 0.1.7 | 35.81 | 38.08 | 73.89 | NOTE | |
r-release-linux-x86_64 | 0.1.7 | 35.65 | 38.68 | 74.33 | NOTE | |
r-release-macos-arm64 | 0.1.7 | 49.00 | NOTE | |||
r-release-macos-x86_64 | 0.1.7 | 59.00 | NOTE | |||
r-release-windows-x86_64 | 0.1.7 | 41.00 | 101.00 | 142.00 | NOTE | |
r-oldrel-macos-arm64 | 0.1.7 | 42.00 | NOTE | |||
r-oldrel-macos-x86_64 | 0.1.7 | 81.00 | NOTE | |||
r-oldrel-windows-x86_64 | 0.1.7 | 48.00 | 106.00 | 154.00 | NOTE |
Version: 0.1.7
Check: C++ specification
Result: NOTE
Specified C++11: please drop specification unless essential
Flavors: r-devel-linux-x86_64-debian-clang, r-devel-linux-x86_64-debian-gcc, r-devel-linux-x86_64-fedora-clang, r-devel-linux-x86_64-fedora-gcc, r-devel-windows-x86_64, r-patched-linux-x86_64, r-release-linux-x86_64, r-release-macos-arm64, r-release-macos-x86_64, r-release-windows-x86_64, r-oldrel-macos-arm64, r-oldrel-macos-x86_64, r-oldrel-windows-x86_64