Last updated on 2024-08-16 06:50:10 CEST.
Flavor | Version | Tinstall | Tcheck | Ttotal | Status | Flags |
---|---|---|---|---|---|---|
r-devel-linux-x86_64-debian-clang | 1.3.2 | 30.06 | 167.09 | 197.15 | OK | |
r-devel-linux-x86_64-debian-gcc | 1.3.2 | 20.63 | 118.82 | 139.45 | OK | |
r-devel-linux-x86_64-fedora-clang | 1.3.2 | 324.22 | NOTE | |||
r-devel-linux-x86_64-fedora-gcc | 1.3.2 | 342.78 | NOTE | |||
r-devel-windows-x86_64 | 1.3.2 | 30.00 | 183.00 | 213.00 | OK | |
r-patched-linux-x86_64 | 1.3.2 | 28.78 | 156.07 | 184.85 | OK | |
r-release-linux-x86_64 | 1.3.2 | 31.71 | 157.26 | 188.97 | OK | |
r-release-macos-arm64 | 1.3.2 | 95.00 | OK | |||
r-release-macos-x86_64 | 1.3.2 | 227.00 | OK | |||
r-release-windows-x86_64 | 1.3.2 | 31.00 | 184.00 | 215.00 | OK | |
r-oldrel-macos-arm64 | 1.3.2 | 96.00 | NOTE | |||
r-oldrel-macos-x86_64 | 1.3.2 | 243.00 | OK | |||
r-oldrel-windows-x86_64 | 1.3.2 | 40.00 | 236.00 | 276.00 | OK |
Version: 1.3.2
Check: dependencies in R code
Result: NOTE
Namespace in Imports field not imported from: ‘impute’
All declared Imports should be used.
Flavors: r-devel-linux-x86_64-fedora-clang, r-devel-linux-x86_64-fedora-gcc
Version: 1.3.2
Check: installed package size
Result: NOTE
installed size is 5.1Mb
sub-directories of 1Mb or more:
doc 2.0Mb
libs 1.7Mb
Flavor: r-oldrel-macos-arm64