Last updated on 2024-07-04 00:59:55 CEST.
Flavor | Version | Tinstall | Tcheck | Ttotal | Status | Flags |
---|---|---|---|---|---|---|
r-devel-linux-x86_64-debian-clang | 0.3.10 | 72.56 | 149.67 | 222.23 | OK | |
r-devel-linux-x86_64-debian-gcc | 0.3.10 | 55.51 | 109.37 | 164.88 | OK | |
r-devel-linux-x86_64-fedora-clang | 0.3.10 | 280.41 | OK | |||
r-devel-linux-x86_64-fedora-gcc | 0.3.10 | 285.92 | OK | |||
r-devel-windows-x86_64 | 0.3.10 | 56.00 | 136.00 | 192.00 | OK | |
r-patched-linux-x86_64 | 0.3.10 | 44.92 | 139.44 | 184.36 | OK | |
r-release-linux-x86_64 | 0.3.10 | 47.58 | 136.11 | 183.69 | OK | |
r-release-macos-arm64 | 0.3.10 | 62.00 | NOTE | |||
r-release-macos-x86_64 | 0.3.10 | 113.00 | NOTE | |||
r-release-windows-x86_64 | 0.3.10 | 59.00 | 130.00 | 189.00 | OK | |
r-oldrel-macos-arm64 | 0.3.10 | 82.00 | NOTE | |||
r-oldrel-macos-x86_64 | 0.3.10 | 186.00 | NOTE | |||
r-oldrel-windows-x86_64 | 0.3.10 | 73.00 | 171.00 | 244.00 | OK |
Version: 0.3.10
Check: installed package size
Result: NOTE
installed size is 5.5Mb
sub-directories of 1Mb or more:
libs 5.3Mb
Flavors: r-release-macos-arm64, r-release-macos-x86_64, r-oldrel-macos-arm64, r-oldrel-macos-x86_64