Last updated on 2024-07-20 06:49:34 CEST.
Flavor | Version | Tinstall | Tcheck | Ttotal | Status | Flags |
---|---|---|---|---|---|---|
r-devel-linux-x86_64-debian-clang | 1.4.0 | 51.82 | 440.96 | 492.78 | NOTE | |
r-devel-linux-x86_64-debian-gcc | 1.4.0 | 47.23 | 310.82 | 358.05 | NOTE | |
r-devel-linux-x86_64-fedora-clang | 1.4.0 | 642.07 | NOTE | |||
r-devel-linux-x86_64-fedora-gcc | 1.4.0 | 610.84 | OK | |||
r-devel-windows-x86_64 | 1.4.0 | 46.00 | 271.00 | 317.00 | NOTE | |
r-patched-linux-x86_64 | 1.4.0 | 40.48 | 409.19 | 449.67 | NOTE | |
r-release-linux-x86_64 | 1.4.0 | 34.76 | 401.97 | 436.73 | NOTE | |
r-release-macos-arm64 | 1.4.0 | 120.00 | NOTE | |||
r-release-macos-x86_64 | 1.4.0 | 211.00 | NOTE | |||
r-release-windows-x86_64 | 1.4.0 | 44.00 | 263.00 | 307.00 | NOTE | |
r-oldrel-macos-arm64 | 1.4.0 | 141.00 | NOTE | |||
r-oldrel-macos-x86_64 | 1.4.0 | 293.00 | NOTE | |||
r-oldrel-windows-x86_64 | 1.4.0 | 61.00 | 372.00 | 433.00 | NOTE |
Version: 1.4.0
Check: package dependencies
Result: NOTE
Package suggested but not available for checking: ‘INLA’
Flavors: r-devel-linux-x86_64-debian-clang, r-devel-linux-x86_64-debian-gcc, r-patched-linux-x86_64, r-release-linux-x86_64, r-release-macos-arm64, r-release-macos-x86_64, r-oldrel-macos-arm64, r-oldrel-macos-x86_64, r-oldrel-windows-x86_64
Version: 1.4.0
Check: installed package size
Result: NOTE
installed size is 5.7Mb
sub-directories of 1Mb or more:
data 1.8Mb
doc 3.0Mb
Flavors: r-devel-linux-x86_64-fedora-clang, r-devel-windows-x86_64, r-release-macos-arm64, r-release-macos-x86_64, r-release-windows-x86_64, r-oldrel-macos-arm64, r-oldrel-macos-x86_64, r-oldrel-windows-x86_64