Last updated on 2024-07-21 12:56:33 CEST.
Flavor | Version | Tinstall | Tcheck | Ttotal | Status | Flags |
---|---|---|---|---|---|---|
r-devel-linux-x86_64-debian-clang | 1.0.2 | 3.25 | 36.42 | 39.67 | OK | |
r-devel-linux-x86_64-debian-gcc | 1.0.2 | 2.26 | 28.71 | 30.97 | OK | |
r-devel-linux-x86_64-fedora-clang | 1.0.2 | 49.97 | OK | |||
r-devel-linux-x86_64-fedora-gcc | 1.0.2 | 48.37 | OK | |||
r-devel-windows-x86_64 | 1.0.2 | 3.00 | 55.00 | 58.00 | OK | |
r-patched-linux-x86_64 | 1.0.2 | 3.05 | 35.21 | 38.26 | OK | |
r-release-linux-x86_64 | 1.0.2 | 3.11 | 35.94 | 39.05 | OK | |
r-release-macos-arm64 | 1.0.2 | 20.00 | OK | |||
r-release-macos-x86_64 | 1.0.2 | 27.00 | OK | |||
r-release-windows-x86_64 | 1.0.2 | 3.00 | 55.00 | 58.00 | OK | |
r-oldrel-macos-arm64 | 1.0.2 | 20.00 | OK | |||
r-oldrel-macos-x86_64 | 1.0.2 | 29.00 | NOTE | |||
r-oldrel-windows-x86_64 | 1.0.2 | 4.00 | 57.00 | 61.00 | OK |
Version: 1.0.2
Check: package dependencies
Result: NOTE
Package suggested but not available for checking: ‘Ecdat’
Flavor: r-oldrel-macos-x86_64