Last updated on 2024-07-20 06:49:34 CEST.
Flavor | Version | Tinstall | Tcheck | Ttotal | Status | Flags |
---|---|---|---|---|---|---|
r-devel-linux-x86_64-debian-clang | 2.4.3 | 9.60 | 138.90 | 148.50 | OK | |
r-devel-linux-x86_64-debian-gcc | 2.4.3 | 7.17 | 104.46 | 111.63 | OK | |
r-devel-linux-x86_64-fedora-clang | 2.4.3 | 186.38 | OK | |||
r-devel-linux-x86_64-fedora-gcc | 2.4.3 | 192.13 | OK | |||
r-devel-windows-x86_64 | 2.4.3 | 10.00 | 193.00 | 203.00 | NOTE | |
r-patched-linux-x86_64 | 2.4.3 | 14.48 | 133.12 | 147.60 | OK | |
r-release-linux-x86_64 | 2.4.3 | 6.23 | 134.78 | 141.01 | OK | |
r-release-macos-arm64 | 2.4.3 | 58.00 | OK | |||
r-release-macos-x86_64 | 2.4.3 | 128.00 | OK | |||
r-release-windows-x86_64 | 2.4.3 | 9.00 | 325.00 | 334.00 | OK | |
r-oldrel-macos-arm64 | 2.4.3 | 59.00 | OK | |||
r-oldrel-macos-x86_64 | 2.4.3 | 134.00 | OK | |||
r-oldrel-windows-x86_64 | 2.4.3 | 11.00 | 375.00 | 386.00 | OK |
Version: 2.4.3
Check: Rd cross-references
Result: NOTE
Found the following Rd file(s) with Rd \link{} targets missing package
anchors:
plot_taxa_ridges.Rd: scale_fill_gradient, theme_ridges,
geom_density_ridges
Please provide package anchors for all Rd \link{} targets not in the
package itself and the base packages.
Flavor: r-devel-windows-x86_64