Last updated on 2024-06-10 06:50:20 CEST.
Flavor | Version | Tinstall | Tcheck | Ttotal | Status | Flags |
---|---|---|---|---|---|---|
r-devel-linux-x86_64-debian-clang | 0.1.1 | 6.44 | 61.05 | 67.49 | OK | |
r-devel-linux-x86_64-debian-gcc | 0.1.1 | 5.71 | 46.16 | 51.87 | OK | |
r-devel-linux-x86_64-fedora-clang | 0.1.1 | 84.56 | NOTE | |||
r-devel-linux-x86_64-fedora-gcc | 0.1.1 | 78.23 | NOTE | |||
r-devel-windows-x86_64 | 0.1.1 | 7.00 | 68.00 | 75.00 | OK | |
r-patched-linux-x86_64 | 0.1.1 | 5.22 | 58.63 | 63.85 | OK | |
r-release-linux-x86_64 | 0.1.1 | 4.40 | 58.94 | 63.34 | OK | |
r-release-macos-arm64 | 0.1.1 | 30.00 | OK | |||
r-release-macos-x86_64 | 0.1.1 | 44.00 | OK | |||
r-release-windows-x86_64 | 0.1.1 | 7.00 | 73.00 | 80.00 | OK | |
r-oldrel-macos-arm64 | 0.1.1 | 27.00 | OK | |||
r-oldrel-macos-x86_64 | 0.1.1 | 42.00 | OK | |||
r-oldrel-windows-x86_64 | 0.1.1 | 9.00 | 74.00 | 83.00 | OK |
Version: 0.1.1
Check: dependencies in R code
Result: NOTE
Namespace in Imports field not imported from: ‘tree’
All declared Imports should be used.
Flavors: r-devel-linux-x86_64-fedora-clang, r-devel-linux-x86_64-fedora-gcc