Last updated on 2024-06-29 12:48:35 CEST.
Flavor | Version | Tinstall | Tcheck | Ttotal | Status | Flags |
---|---|---|---|---|---|---|
r-devel-linux-x86_64-debian-clang | 6.2.2 | 44.80 | 232.49 | 277.29 | OK | |
r-devel-linux-x86_64-debian-gcc | 6.2.2 | 29.07 | 171.15 | 200.22 | OK | |
r-devel-linux-x86_64-fedora-clang | 6.2.2 | 362.97 | NOTE | |||
r-devel-linux-x86_64-fedora-gcc | 6.2.2 | 362.53 | NOTE | |||
r-devel-windows-x86_64 | 6.2.2 | 36.00 | 197.00 | 233.00 | NOTE | |
r-patched-linux-x86_64 | 6.2.2 | 38.24 | 219.94 | 258.18 | OK | |
r-release-linux-x86_64 | 6.2.2 | 26.89 | 212.56 | 239.45 | OK | |
r-release-macos-arm64 | 6.2.2 | 92.00 | NOTE | |||
r-release-macos-x86_64 | 6.2.2 | 135.00 | NOTE | |||
r-release-windows-x86_64 | 6.2.2 | 34.00 | 197.00 | 231.00 | NOTE | |
r-oldrel-macos-arm64 | 6.2.2 | 99.00 | NOTE | |||
r-oldrel-macos-x86_64 | 6.2.2 | 172.00 | NOTE | |||
r-oldrel-windows-x86_64 | 6.2.2 | 46.00 | 301.00 | 347.00 | NOTE |
Version: 6.2.2
Check: dependencies in R code
Result: NOTE
Namespace in Imports field not imported from: ‘magrittr’
All declared Imports should be used.
Flavors: r-devel-linux-x86_64-fedora-clang, r-devel-linux-x86_64-fedora-gcc
Version: 6.2.2
Check: Rd cross-references
Result: NOTE
Undeclared package ‘mi’ in Rd xrefs
Flavor: r-devel-linux-x86_64-fedora-clang
Version: 6.2.2
Check: data for non-ASCII characters
Result: NOTE
Note: found 2754 marked UTF-8 strings
Flavors: r-devel-linux-x86_64-fedora-clang, r-devel-linux-x86_64-fedora-gcc
Version: 6.2.2
Check: installed package size
Result: NOTE
installed size is 5.1Mb
sub-directories of 1Mb or more:
doc 2.7Mb
Flavors: r-devel-windows-x86_64, r-release-macos-arm64, r-release-macos-x86_64, r-release-windows-x86_64, r-oldrel-macos-arm64, r-oldrel-macos-x86_64, r-oldrel-windows-x86_64