Last updated on 2024-08-16 06:50:15 CEST.
Flavor | Version | Tinstall | Tcheck | Ttotal | Status | Flags |
---|---|---|---|---|---|---|
r-devel-linux-x86_64-debian-clang | 1.5-10 | 2.13 | 24.18 | 26.31 | NOTE | |
r-devel-linux-x86_64-debian-gcc | 1.5-10 | 1.67 | 18.93 | 20.60 | NOTE | |
r-devel-linux-x86_64-fedora-clang | 1.5-10 | 42.44 | NOTE | |||
r-devel-linux-x86_64-fedora-gcc | 1.5-10 | 51.46 | NOTE | |||
r-devel-windows-x86_64 | 1.5-10 | 3.00 | 46.00 | 49.00 | NOTE | |
r-patched-linux-x86_64 | 1.5-10 | 2.36 | 22.83 | 25.19 | NOTE | |
r-release-linux-x86_64 | 1.5-10 | 2.20 | 22.76 | 24.96 | NOTE | |
r-release-macos-arm64 | 1.5-10 | 21.00 | NOTE | |||
r-release-macos-x86_64 | 1.5-10 | 33.00 | NOTE | |||
r-release-windows-x86_64 | 1.5-10 | 4.00 | 47.00 | 51.00 | NOTE | |
r-oldrel-macos-arm64 | 1.5-10 | 22.00 | NOTE | |||
r-oldrel-macos-x86_64 | 1.5-10 | 35.00 | NOTE | |||
r-oldrel-windows-x86_64 | 1.5-10 | 4.00 | 48.00 | 52.00 | NOTE |
Version: 1.5-10
Check: package subdirectories
Result: NOTE
Problems with news in ‘NEWS.md’:
Cannot extract version info from the following section titles:
Major changes
Minor changes
Flavors: r-devel-linux-x86_64-debian-clang, r-devel-linux-x86_64-debian-gcc, r-devel-linux-x86_64-fedora-clang, r-devel-linux-x86_64-fedora-gcc, r-devel-windows-x86_64, r-patched-linux-x86_64, r-release-linux-x86_64, r-release-macos-arm64, r-release-macos-x86_64, r-release-windows-x86_64, r-oldrel-macos-arm64, r-oldrel-macos-x86_64, r-oldrel-windows-x86_64