Last updated on 2024-08-16 12:49:24 CEST.
Flavor | Version | Tinstall | Tcheck | Ttotal | Status | Flags |
---|---|---|---|---|---|---|
r-devel-linux-x86_64-debian-clang | 1.0.1 | 228.44 | 171.58 | 400.02 | NOTE | |
r-devel-linux-x86_64-debian-gcc | 1.0.1 | 217.45 | 133.88 | 351.33 | NOTE | |
r-devel-linux-x86_64-fedora-clang | 1.0.1 | 654.08 | NOTE | |||
r-devel-linux-x86_64-fedora-gcc | 1.0.1 | 829.31 | NOTE | |||
r-devel-windows-x86_64 | 1.0.1 | 239.00 | 195.00 | 434.00 | NOTE | |
r-patched-linux-x86_64 | 1.0.1 | 288.87 | 184.82 | 473.69 | NOTE | |
r-release-linux-x86_64 | 1.0.1 | 289.70 | 183.90 | 473.60 | NOTE | |
r-release-macos-arm64 | 1.0.1 | 161.00 | NOTE | |||
r-release-macos-x86_64 | 1.0.1 | 224.00 | NOTE | |||
r-release-windows-x86_64 | 1.0.1 | 242.00 | 194.00 | 436.00 | NOTE | |
r-oldrel-macos-arm64 | 1.0.1 | 166.00 | NOTE | |||
r-oldrel-macos-x86_64 | 1.0.1 | 262.00 | NOTE | |||
r-oldrel-windows-x86_64 | 1.0.1 | 311.00 | 244.00 | 555.00 | NOTE |
Version: 1.0.1
Check: for GNU extensions in Makefiles
Result: NOTE
GNU make is a SystemRequirements.
Flavors: r-devel-linux-x86_64-debian-clang, r-devel-linux-x86_64-debian-gcc, r-devel-linux-x86_64-fedora-clang, r-devel-linux-x86_64-fedora-gcc, r-devel-windows-x86_64, r-patched-linux-x86_64, r-release-linux-x86_64, r-release-macos-arm64, r-release-macos-x86_64, r-release-windows-x86_64, r-oldrel-macos-arm64, r-oldrel-macos-x86_64, r-oldrel-windows-x86_64
Version: 1.0.1
Check: dependencies in R code
Result: NOTE
Namespace in Imports field not imported from: ‘rstantools’
All declared Imports should be used.
Flavors: r-devel-linux-x86_64-fedora-clang, r-devel-linux-x86_64-fedora-gcc
Version: 1.0.1
Check: installed package size
Result: NOTE
installed size is 53.8Mb
sub-directories of 1Mb or more:
libs 53.4Mb
Flavors: r-release-macos-arm64, r-release-macos-x86_64, r-oldrel-macos-arm64, r-oldrel-macos-x86_64