Last updated on 2024-06-14 12:57:33 CEST.
Flavor | Version | Tinstall | Tcheck | Ttotal | Status | Flags |
---|---|---|---|---|---|---|
r-devel-linux-x86_64-debian-clang | 1.0.2 | 6.44 | 61.77 | 68.21 | OK | |
r-devel-linux-x86_64-debian-gcc | 1.0.2 | 4.59 | 47.30 | 51.89 | OK | |
r-devel-linux-x86_64-fedora-clang | 1.0.2 | 88.93 | NOTE | |||
r-devel-linux-x86_64-fedora-gcc | 1.0.2 | 97.33 | OK | |||
r-devel-windows-x86_64 | 1.0.2 | 7.00 | 98.00 | 105.00 | OK | |
r-patched-linux-x86_64 | 1.0.2 | 7.64 | 60.07 | 67.71 | OK | |
r-release-linux-x86_64 | 1.0.2 | 6.88 | 60.12 | 67.00 | OK | |
r-release-macos-arm64 | 1.0.2 | 36.00 | OK | |||
r-release-macos-x86_64 | 1.0.2 | 54.00 | OK | |||
r-release-windows-x86_64 | 1.0.2 | 7.00 | 79.00 | 86.00 | OK | |
r-oldrel-macos-arm64 | 1.0.2 | 46.00 | OK | |||
r-oldrel-macos-x86_64 | 1.0.2 | 85.00 | OK | |||
r-oldrel-windows-x86_64 | 1.0.2 | 8.00 | 82.00 | 90.00 | OK |
Version: 1.0.2
Check: Rd cross-references
Result: NOTE
Undeclared package ‘era’ in Rd xrefs
Flavor: r-devel-linux-x86_64-fedora-clang