Last updated on 2024-07-19 12:53:14 CEST.
Flavor | Version | Tinstall | Tcheck | Ttotal | Status | Flags |
---|---|---|---|---|---|---|
r-devel-linux-x86_64-debian-clang | 0.0.1 | 3.96 | 101.64 | 105.60 | OK | |
r-devel-linux-x86_64-debian-gcc | 0.0.1 | 2.93 | 83.55 | 86.48 | OK | |
r-devel-linux-x86_64-fedora-clang | 0.0.1 | 141.05 | NOTE | |||
r-devel-windows-x86_64 | 0.0.1 | 5.00 | 91.00 | 96.00 | OK | |
r-patched-linux-x86_64 | 0.0.1 | 4.24 | 107.83 | 112.07 | OK | |
r-release-linux-x86_64 | 0.0.1 | 3.42 | 108.27 | 111.69 | OK | |
r-release-macos-arm64 | 0.0.1 | 39.00 | OK | |||
r-release-macos-x86_64 | 0.0.1 | 76.00 | OK | |||
r-release-windows-x86_64 | 0.0.1 | 5.00 | 90.00 | 95.00 | OK | |
r-oldrel-macos-arm64 | 0.0.1 | 42.00 | OK | |||
r-oldrel-macos-x86_64 | 0.0.1 | 72.00 | OK | |||
r-oldrel-windows-x86_64 | 0.0.1 | 6.00 | 109.00 | 115.00 | OK |
Version: 0.0.1
Check: dependencies in R code
Result: NOTE
Namespace in Imports field not imported from: ‘purrr’
All declared Imports should be used.
Flavor: r-devel-linux-x86_64-fedora-clang