Last updated on 2024-07-20 06:49:14 CEST.
Flavor | Version | Tinstall | Tcheck | Ttotal | Status | Flags |
---|---|---|---|---|---|---|
r-devel-linux-x86_64-debian-clang | 0.9.8.1 | 43.64 | 276.39 | 320.03 | NOTE | |
r-devel-linux-x86_64-debian-gcc | 0.9.8.1 | 32.74 | 198.70 | 231.44 | NOTE | |
r-devel-linux-x86_64-fedora-clang | 0.9.8.1 | 410.04 | NOTE | |||
r-devel-linux-x86_64-fedora-gcc | 0.9.8.1 | 384.34 | NOTE | |||
r-devel-windows-x86_64 | 0.9.8.1 | 40.00 | 183.00 | 223.00 | NOTE | |
r-patched-linux-x86_64 | 0.9.8.1 | 40.76 | 262.33 | 303.09 | NOTE | |
r-release-linux-x86_64 | 0.9.8.1 | 44.51 | 260.80 | 305.31 | NOTE | |
r-release-macos-arm64 | 0.9.8.1 | 87.00 | NOTE | |||
r-release-macos-x86_64 | 0.9.8.1 | 142.00 | NOTE | |||
r-release-windows-x86_64 | 0.9.8.1 | 44.00 | 184.00 | 228.00 | NOTE | |
r-oldrel-macos-arm64 | 0.9.8.1 | 87.00 | OK | |||
r-oldrel-macos-x86_64 | 0.9.8.1 | 221.00 | OK | |||
r-oldrel-windows-x86_64 | 0.9.8.1 | 55.00 | 234.00 | 289.00 | OK |
Version: 0.9.8.1
Check: Rd files
Result: NOTE
checkRd: (-1) ataCoKriging.Rd:52: Lost braces; missing escapes or markup?
52 | only one contrained condition for all points and all variables, \\sum_{i=1}^n\\lambda_i +\\sum_{j=1}^m\\beta_j =1, assuming expected means of variables known and constant with the study area.
| ^
checkRd: (-1) ataCoKriging.Rd:52: Lost braces; missing escapes or markup?
52 | only one contrained condition for all points and all variables, \\sum_{i=1}^n\\lambda_i +\\sum_{j=1}^m\\beta_j =1, assuming expected means of variables known and constant with the study area.
| ^
Flavors: r-devel-linux-x86_64-debian-clang, r-devel-linux-x86_64-debian-gcc, r-devel-linux-x86_64-fedora-clang, r-devel-linux-x86_64-fedora-gcc, r-devel-windows-x86_64, r-patched-linux-x86_64, r-release-linux-x86_64, r-release-macos-arm64, r-release-macos-x86_64, r-release-windows-x86_64