Last updated on 2024-07-16 21:48:57 CEST.
Flavor | Version | Tinstall | Tcheck | Ttotal | Status | Flags |
---|---|---|---|---|---|---|
r-devel-linux-x86_64-debian-clang | 0.4-6 | 7.36 | 63.61 | 70.97 | NOTE | |
r-devel-linux-x86_64-debian-gcc | 0.4-6 | 5.18 | 46.31 | 51.49 | NOTE | |
r-devel-linux-x86_64-fedora-clang | 0.4-6 | 88.02 | NOTE | |||
r-devel-linux-x86_64-fedora-gcc | 0.4-6 | 85.36 | NOTE | |||
r-devel-windows-x86_64 | 0.4-6 | 6.00 | 73.00 | 79.00 | NOTE | |
r-patched-linux-x86_64 | 0.4-6 | 7.79 | 60.03 | 67.82 | NOTE | |
r-release-linux-x86_64 | 0.4-6 | 5.91 | 59.60 | 65.51 | NOTE | |
r-release-macos-arm64 | 0.4-6 | 30.00 | NOTE | |||
r-release-macos-x86_64 | 0.4-6 | 40.00 | NOTE | |||
r-release-windows-x86_64 | 0.4-6 | 6.00 | 75.00 | 81.00 | NOTE | |
r-oldrel-macos-arm64 | 0.4-6 | 28.00 | OK | |||
r-oldrel-macos-x86_64 | 0.4-6 | 72.00 | OK | |||
r-oldrel-windows-x86_64 | 0.4-6 | 8.00 | 76.00 | 84.00 | OK |
Version: 0.4-6
Check: Rd files
Result: NOTE
checkRd: (-1) plot-traj.Rd:71: Lost braces; missing escapes or markup?
71 | the plots are saved into directory {sim.dir}/predictions/migTrajectories.}
| ^
Flavors: r-devel-linux-x86_64-debian-clang, r-devel-linux-x86_64-debian-gcc, r-devel-linux-x86_64-fedora-clang, r-devel-linux-x86_64-fedora-gcc, r-devel-windows-x86_64, r-patched-linux-x86_64, r-release-linux-x86_64, r-release-macos-arm64, r-release-macos-x86_64, r-release-windows-x86_64
Version: 0.4-6
Check: Rd cross-references
Result: NOTE
Undeclared packages ‘rworldmap’, ‘snowFT’ in Rd xrefs
Flavor: r-devel-linux-x86_64-fedora-clang