Last updated on 2024-07-20 12:48:05 CEST.
Flavor | Version | Tinstall | Tcheck | Ttotal | Status | Flags |
---|---|---|---|---|---|---|
r-devel-linux-x86_64-debian-clang | 1.2.3 | 8.39 | 105.04 | 113.43 | OK | |
r-devel-linux-x86_64-debian-gcc | 1.2.3 | 6.09 | 78.93 | 85.02 | OK | |
r-devel-linux-x86_64-fedora-clang | 1.2.3 | 141.25 | OK | |||
r-devel-linux-x86_64-fedora-gcc | 1.2.3 | 154.48 | OK | |||
r-devel-windows-x86_64 | 1.2.3 | 11.00 | 99.00 | 110.00 | NOTE | |
r-patched-linux-x86_64 | 1.2.3 | 13.58 | 103.05 | 116.63 | OK | |
r-release-linux-x86_64 | 1.2.3 | 6.40 | 102.02 | 108.42 | OK | |
r-release-macos-arm64 | 1.2.3 | 47.00 | OK | |||
r-release-macos-x86_64 | 1.2.3 | 73.00 | OK | |||
r-release-windows-x86_64 | 1.2.3 | 8.00 | 96.00 | 104.00 | OK | |
r-oldrel-macos-arm64 | 1.2.3 | 51.00 | OK | |||
r-oldrel-macos-x86_64 | 1.2.3 | 75.00 | OK | |||
r-oldrel-windows-x86_64 | 1.2.3 | 10.00 | 115.00 | 125.00 | OK |
Version: 1.2.3
Check: Rd cross-references
Result: NOTE
Found the following Rd file(s) with Rd \link{} targets missing package
anchors:
fit_dynamic_inactivation.Rd: modFit, FME
fit_inactivation_MCMC.Rd: modMCMC, FME
get_prediction_cost.Rd: modCost
predict_inactivation.Rd: ode, deSolve
sample_IsoFit.Rd: mvrnorm
sample_dynaFit.Rd: modFit, mvrnorm
Please provide package anchors for all Rd \link{} targets not in the
package itself and the base packages.
Flavor: r-devel-windows-x86_64