Last updated on 2024-07-20 12:48:05 CEST.
Flavor | Version | Tinstall | Tcheck | Ttotal | Status | Flags |
---|---|---|---|---|---|---|
r-devel-linux-x86_64-debian-clang | 0.20.21 | 35.81 | 74.01 | 109.82 | OK | |
r-devel-linux-x86_64-debian-gcc | 0.20.21 | 22.23 | 56.12 | 78.35 | OK | |
r-devel-linux-x86_64-fedora-clang | 0.20.21 | 173.56 | NOTE | |||
r-devel-linux-x86_64-fedora-gcc | 0.20.21 | 181.17 | OK | |||
r-devel-windows-x86_64 | 0.20.21 | 32.00 | 93.00 | 125.00 | NOTE | |
r-patched-linux-x86_64 | 0.20.21 | 46.52 | 71.20 | 117.72 | OK | |
r-release-linux-x86_64 | 0.20.21 | 43.58 | 70.85 | 114.43 | OK | |
r-release-macos-arm64 | 0.20.21 | 40.00 | OK | |||
r-release-macos-x86_64 | 0.20.21 | 66.00 | OK | |||
r-release-windows-x86_64 | 0.20.21 | 42.00 | 93.00 | 135.00 | OK | |
r-oldrel-macos-arm64 | 0.20.21 | 51.00 | OK | |||
r-oldrel-macos-x86_64 | 0.20.21 | 89.00 | OK | |||
r-oldrel-windows-x86_64 | 0.20.21 | 54.00 | 116.00 | 170.00 | OK |
Version: 0.20.21
Check: Rd cross-references
Result: NOTE
Undeclared package ‘RColorBrewer’ in Rd xrefs
Flavor: r-devel-linux-x86_64-fedora-clang
Version: 0.20.21
Check: Rd cross-references
Result: NOTE
Found the following Rd file(s) with Rd \link{} targets missing package
anchors:
plot.biwavelet.Rd: image.plot
Please provide package anchors for all Rd \link{} targets not in the
package itself and the base packages.
Flavor: r-devel-windows-x86_64