Last updated on 2024-07-22 21:56:23 CEST.
Flavor | Version | Tinstall | Tcheck | Ttotal | Status | Flags |
---|---|---|---|---|---|---|
r-devel-linux-x86_64-debian-clang | 1.3.3 | 36.08 | 195.43 | 231.51 | OK | |
r-devel-linux-x86_64-debian-gcc | 1.3.3 | 27.06 | 141.94 | 169.00 | NOTE | |
r-devel-linux-x86_64-fedora-clang | 1.3.3 | 288.95 | OK | |||
r-devel-linux-x86_64-fedora-gcc | 1.3.3 | 272.70 | OK | |||
r-devel-windows-x86_64 | 1.3.3 | 32.00 | 159.00 | 191.00 | NOTE | |
r-patched-linux-x86_64 | 1.3.3 | 41.38 | 185.40 | 226.78 | OK | |
r-release-linux-x86_64 | 1.3.3 | 25.22 | 179.39 | 204.61 | OK | |
r-release-macos-arm64 | 1.3.3 | 78.00 | OK | |||
r-release-macos-x86_64 | 1.3.3 | 162.00 | OK | |||
r-release-windows-x86_64 | 1.3.3 | 31.00 | 159.00 | 190.00 | OK | |
r-oldrel-macos-arm64 | 1.3.3 | 87.00 | OK | |||
r-oldrel-macos-x86_64 | 1.3.3 | 240.00 | OK | |||
r-oldrel-windows-x86_64 | 1.3.3 | 45.00 | 200.00 | 245.00 | OK |
Version: 1.3.3
Check: Rd cross-references
Result: NOTE
Found the following Rd file(s) with Rd \link{} targets missing package
anchors:
bizicount.Rd: DHARMa
zic.reg.Rd: DHARMa
Please provide package anchors for all Rd \link{} targets not in the
package itself and the base packages.
Flavors: r-devel-linux-x86_64-debian-gcc, r-devel-windows-x86_64