Last updated on 2024-06-08 06:50:44 CEST.
Flavor | Version | Tinstall | Tcheck | Ttotal | Status | Flags |
---|---|---|---|---|---|---|
r-devel-linux-x86_64-debian-clang | 2.1.1 | 14.74 | 160.65 | 175.39 | OK | |
r-devel-linux-x86_64-debian-gcc | 2.1.1 | 14.37 | 118.04 | 132.41 | OK | |
r-devel-linux-x86_64-fedora-clang | 2.1.1 | 227.61 | NOTE | |||
r-devel-linux-x86_64-fedora-gcc | 2.1.1 | 210.11 | NOTE | |||
r-devel-windows-x86_64 | 2.1.1 | 16.00 | 128.00 | 144.00 | OK | |
r-patched-linux-x86_64 | 2.1.1 | 16.59 | 149.56 | 166.15 | OK | |
r-release-linux-x86_64 | 2.1.1 | 17.83 | 152.59 | 170.42 | OK | |
r-release-macos-arm64 | 2.1.1 | 63.00 | OK | |||
r-release-macos-x86_64 | 2.1.1 | 109.00 | OK | |||
r-release-windows-x86_64 | 2.1.1 | 16.00 | 134.00 | 150.00 | OK | |
r-oldrel-macos-arm64 | 2.1.1 | 70.00 | OK | |||
r-oldrel-macos-x86_64 | 2.1.1 | 151.00 | OK | |||
r-oldrel-windows-x86_64 | 2.1.1 | 19.00 | 159.00 | 178.00 | OK |
Version: 2.1.1
Check: data for non-ASCII characters
Result: NOTE
Note: found 29 marked UTF-8 strings
Flavors: r-devel-linux-x86_64-fedora-clang, r-devel-linux-x86_64-fedora-gcc