Last updated on 2024-08-16 06:49:57 CEST.
Flavor | Version | Tinstall | Tcheck | Ttotal | Status | Flags |
---|---|---|---|---|---|---|
r-devel-linux-x86_64-debian-clang | 1.3.3 | 13.58 | 106.02 | 119.60 | NOTE | |
r-devel-linux-x86_64-debian-gcc | 1.3.3 | 10.40 | 72.31 | 82.71 | NOTE | |
r-devel-linux-x86_64-fedora-clang | 1.3.3 | 194.15 | OK | |||
r-devel-linux-x86_64-fedora-gcc | 1.3.3 | 179.03 | OK | |||
r-devel-windows-x86_64 | 1.3.3 | 15.00 | 125.00 | 140.00 | NOTE | |
r-patched-linux-x86_64 | 1.3.3 | 16.44 | 99.40 | 115.84 | OK | |
r-release-linux-x86_64 | 1.3.3 | 12.34 | 99.15 | 111.49 | OK | |
r-release-macos-arm64 | 1.3.3 | 50.00 | OK | |||
r-release-macos-x86_64 | 1.3.3 | 78.00 | OK | |||
r-release-windows-x86_64 | 1.3.3 | 16.00 | 123.00 | 139.00 | OK | |
r-oldrel-macos-arm64 | 1.3.3 | 117.00 | OK | |||
r-oldrel-macos-x86_64 | 1.3.3 | 147.00 | OK | |||
r-oldrel-windows-x86_64 | 1.3.3 | 20.00 | 150.00 | 170.00 | OK |
Version: 1.3.3
Check: Rd cross-references
Result: NOTE
Found the following Rd file(s) with Rd \link{} targets missing package
anchors:
fitMarkovChain.Rd: Rsolnp
frequencies.Rd: transactions
Please provide package anchors for all Rd \link{} targets not in the
package itself and the base packages.
Flavors: r-devel-linux-x86_64-debian-clang, r-devel-linux-x86_64-debian-gcc, r-devel-windows-x86_64