Last updated on 2024-08-16 12:49:05 CEST.
Flavor | Version | Tinstall | Tcheck | Ttotal | Status | Flags |
---|---|---|---|---|---|---|
r-devel-linux-x86_64-debian-clang | 0.9.3 | 8.10 | 209.48 | 217.58 | NOTE | |
r-devel-linux-x86_64-debian-gcc | 0.9.3 | 5.35 | 137.86 | 143.21 | NOTE | |
r-devel-linux-x86_64-fedora-clang | 0.9.3 | 344.55 | OK | |||
r-devel-linux-x86_64-fedora-gcc | 0.9.3 | 355.22 | OK | |||
r-devel-windows-x86_64 | 0.9.3 | 9.00 | 184.00 | 193.00 | NOTE | |
r-patched-linux-x86_64 | 0.9.3 | 11.01 | 202.61 | 213.62 | OK | |
r-release-linux-x86_64 | 0.9.3 | 6.12 | 198.73 | 204.85 | OK | |
r-release-macos-arm64 | 0.9.3 | 86.00 | OK | |||
r-release-macos-x86_64 | 0.9.3 | 149.00 | OK | |||
r-release-windows-x86_64 | 0.9.3 | 11.00 | 185.00 | 196.00 | OK | |
r-oldrel-macos-arm64 | 0.9.3 | 98.00 | OK | |||
r-oldrel-macos-x86_64 | 0.9.3 | 194.00 | OK | |||
r-oldrel-windows-x86_64 | 0.9.3 | 12.00 | 217.00 | 229.00 | OK |
Version: 0.9.3
Check: Rd cross-references
Result: NOTE
Found the following Rd file(s) with Rd \link{} targets missing package
anchors:
nested_data_plot.Rd: ggplot2
Please provide package anchors for all Rd \link{} targets not in the
package itself and the base packages.
Flavors: r-devel-linux-x86_64-debian-clang, r-devel-linux-x86_64-debian-gcc, r-devel-windows-x86_64