Last updated on 2024-07-22 21:56:24 CEST.
Flavor | Version | Tinstall | Tcheck | Ttotal | Status | Flags |
---|---|---|---|---|---|---|
r-devel-linux-x86_64-debian-clang | 4.0.3 | 12.14 | 96.55 | 108.69 | OK | |
r-devel-linux-x86_64-debian-gcc | 4.0.3 | 10.51 | 72.89 | 83.40 | OK | |
r-devel-linux-x86_64-fedora-clang | 4.0.3 | 139.96 | NOTE | |||
r-devel-linux-x86_64-fedora-gcc | 4.0.3 | 144.06 | OK | |||
r-devel-windows-x86_64 | 4.0.3 | 14.00 | 98.00 | 112.00 | OK | |
r-patched-linux-x86_64 | 4.0.3 | 11.07 | 94.02 | 105.09 | OK | |
r-release-linux-x86_64 | 4.0.3 | 10.88 | 91.54 | 102.42 | OK | |
r-release-macos-arm64 | 4.0.3 | 50.00 | OK | |||
r-release-macos-x86_64 | 4.0.3 | 70.00 | OK | |||
r-release-windows-x86_64 | 4.0.3 | 13.00 | 97.00 | 110.00 | OK | |
r-oldrel-macos-arm64 | 4.0.3 | 54.00 | OK | |||
r-oldrel-macos-x86_64 | 4.0.3 | 125.00 | OK | |||
r-oldrel-windows-x86_64 | 4.0.3 | 18.00 | 109.00 | 127.00 | OK |
Version: 4.0.3
Check: installed package size
Result: NOTE
installed size is 10.4Mb
sub-directories of 1Mb or more:
libs 9.8Mb
Flavor: r-devel-linux-x86_64-fedora-clang