Last updated on 2024-07-20 06:49:17 CEST.
Flavor | Version | Tinstall | Tcheck | Ttotal | Status | Flags |
---|---|---|---|---|---|---|
r-devel-linux-x86_64-debian-clang | 1.1.2 | 41.57 | 377.99 | 419.56 | NOTE | |
r-devel-linux-x86_64-debian-gcc | 1.1.2 | 27.92 | 275.81 | 303.73 | NOTE | |
r-devel-linux-x86_64-fedora-clang | 1.1.2 | 542.27 | NOTE | |||
r-devel-linux-x86_64-fedora-gcc | 1.1.2 | 528.48 | NOTE | |||
r-devel-windows-x86_64 | 1.1.2 | 37.00 | 332.00 | 369.00 | NOTE | |
r-patched-linux-x86_64 | 1.1.2 | 50.66 | 356.52 | 407.18 | NOTE | |
r-release-linux-x86_64 | 1.1.2 | 36.83 | 350.86 | 387.69 | NOTE | |
r-release-macos-arm64 | 1.1.2 | 156.00 | NOTE | |||
r-release-macos-x86_64 | 1.1.2 | 250.00 | NOTE | |||
r-release-windows-x86_64 | 1.1.2 | 52.00 | 328.00 | 380.00 | NOTE | |
r-oldrel-macos-arm64 | 1.1.2 | 176.00 | NOTE | |||
r-oldrel-macos-x86_64 | 1.1.2 | 317.00 | NOTE | |||
r-oldrel-windows-x86_64 | 1.1.2 | 61.00 | 452.00 | 513.00 | NOTE |
Version: 1.1.2
Check: package subdirectories
Result: NOTE
Problems with news in ‘NEWS.md’:
Cannot extract version info from the following section titles:
Misc
Flavors: r-devel-linux-x86_64-debian-clang, r-devel-linux-x86_64-debian-gcc, r-devel-linux-x86_64-fedora-clang, r-devel-linux-x86_64-fedora-gcc, r-devel-windows-x86_64, r-patched-linux-x86_64, r-release-linux-x86_64, r-release-macos-arm64, r-release-macos-x86_64, r-release-windows-x86_64, r-oldrel-macos-arm64, r-oldrel-macos-x86_64, r-oldrel-windows-x86_64
Version: 1.1.2
Check: Rd files
Result: NOTE
checkRd: (-1) abs_d_ppv_npv.Rd:27: Escaped LaTeX specials: \_ \_ \_
Flavors: r-devel-linux-x86_64-debian-clang, r-devel-linux-x86_64-debian-gcc, r-devel-linux-x86_64-fedora-clang, r-devel-linux-x86_64-fedora-gcc, r-devel-windows-x86_64, r-patched-linux-x86_64, r-release-linux-x86_64, r-release-macos-arm64, r-release-macos-x86_64, r-release-windows-x86_64, r-oldrel-macos-arm64, r-oldrel-macos-x86_64, r-oldrel-windows-x86_64