Last updated on 2024-07-20 06:49:18 CEST.
Flavor | Version | Tinstall | Tcheck | Ttotal | Status | Flags |
---|---|---|---|---|---|---|
r-devel-linux-x86_64-debian-clang | 1.0.1 | 5.98 | 162.93 | 168.91 | OK | |
r-devel-linux-x86_64-debian-gcc | 1.0.1 | 5.44 | 119.48 | 124.92 | OK | |
r-devel-linux-x86_64-fedora-clang | 1.0.1 | 204.25 | OK | |||
r-devel-linux-x86_64-fedora-gcc | 1.0.1 | 192.35 | OK | |||
r-devel-windows-x86_64 | 1.0.1 | 9.00 | 124.00 | 133.00 | NOTE | |
r-patched-linux-x86_64 | 1.0.1 | 11.70 | 150.84 | 162.54 | OK | |
r-release-linux-x86_64 | 1.0.1 | 4.40 | 152.84 | 157.24 | OK | |
r-release-macos-arm64 | 1.0.1 | 67.00 | OK | |||
r-release-macos-x86_64 | 1.0.1 | 86.00 | OK | |||
r-release-windows-x86_64 | 1.0.1 | 8.00 | 123.00 | 131.00 | OK | |
r-oldrel-macos-arm64 | 1.0.1 | 65.00 | OK | |||
r-oldrel-macos-x86_64 | 1.0.1 | 136.00 | OK | |||
r-oldrel-windows-x86_64 | 1.0.1 | 9.00 | 163.00 | 172.00 | OK |
Version: 1.0.1
Check: Rd cross-references
Result: NOTE
Found the following Rd file(s) with Rd \link{} targets missing package
anchors:
freqPlot.Rd: geom_violin
scatterHex.Rd: ggrepel
scatterPlot.Rd: ggrepel
yPlot.Rd: geom_violin
Please provide package anchors for all Rd \link{} targets not in the
package itself and the base packages.
Flavor: r-devel-windows-x86_64