Last updated on 2024-07-21 18:54:09 CEST.
Flavor | Version | Tinstall | Tcheck | Ttotal | Status | Flags |
---|---|---|---|---|---|---|
r-devel-linux-x86_64-debian-clang | 0.2.1 | 5.33 | 95.66 | 100.99 | NOTE | |
r-devel-linux-x86_64-debian-gcc | 0.2.1 | 4.96 | 75.31 | 80.27 | NOTE | |
r-devel-linux-x86_64-fedora-clang | 0.2.1 | 125.27 | NOTE | |||
r-devel-linux-x86_64-fedora-gcc | 0.2.1 | 123.70 | NOTE | |||
r-devel-windows-x86_64 | 0.2.1 | 8.00 | 82.00 | 90.00 | NOTE | |
r-patched-linux-x86_64 | 0.2.1 | 6.44 | 86.65 | 93.09 | NOTE | |
r-release-linux-x86_64 | 0.2.1 | 4.22 | 87.74 | 91.96 | NOTE | |
r-release-macos-arm64 | 0.2.1 | 34.00 | NOTE | |||
r-release-macos-x86_64 | 0.2.1 | 50.00 | NOTE | |||
r-release-windows-x86_64 | 0.2.1 | 6.00 | 75.00 | 81.00 | NOTE | |
r-oldrel-macos-arm64 | 0.2.1 | 35.00 | NOTE | |||
r-oldrel-macos-x86_64 | 0.2.1 | 51.00 | NOTE | |||
r-oldrel-windows-x86_64 | 0.2.1 | 7.00 | 83.00 | 90.00 | NOTE |
Version: 0.2.1
Check: LazyData
Result: NOTE
'LazyData' is specified without a 'data' directory
Flavors: r-devel-linux-x86_64-debian-clang, r-devel-linux-x86_64-debian-gcc, r-devel-linux-x86_64-fedora-clang, r-devel-linux-x86_64-fedora-gcc, r-devel-windows-x86_64, r-patched-linux-x86_64, r-release-linux-x86_64, r-release-macos-arm64, r-release-macos-x86_64, r-release-windows-x86_64, r-oldrel-macos-arm64, r-oldrel-macos-x86_64, r-oldrel-windows-x86_64
Version: 0.2.1
Check: tests
Result: NOTE
Running ‘testthat.R’ [35s/13s]
Running R code in ‘testthat.R’ had CPU time 2.6 times elapsed time
Flavor: r-patched-linux-x86_64