Last updated on 2024-07-20 06:49:18 CEST.
Flavor | Version | Tinstall | Tcheck | Ttotal | Status | Flags |
---|---|---|---|---|---|---|
r-devel-linux-x86_64-debian-clang | 0.3.0 | 2.40 | 76.31 | 78.71 | OK | |
r-devel-linux-x86_64-debian-gcc | 0.3.0 | 2.76 | 56.67 | 59.43 | OK | |
r-devel-linux-x86_64-fedora-clang | 0.3.0 | 103.66 | NOTE | |||
r-devel-linux-x86_64-fedora-gcc | 0.3.0 | 108.05 | NOTE | |||
r-devel-windows-x86_64 | 0.3.0 | 6.00 | 82.00 | 88.00 | OK | |
r-patched-linux-x86_64 | 0.3.0 | 4.15 | 70.93 | 75.08 | OK | |
r-release-linux-x86_64 | 0.3.0 | 2.76 | 73.39 | 76.15 | OK | |
r-release-macos-arm64 | 0.3.0 | 38.00 | OK | |||
r-release-macos-x86_64 | 0.3.0 | 58.00 | OK | |||
r-release-windows-x86_64 | 0.3.0 | 5.00 | 82.00 | 87.00 | OK | |
r-oldrel-macos-arm64 | 0.3.0 | 36.00 | OK | |||
r-oldrel-macos-x86_64 | 0.3.0 | 56.00 | OK | |||
r-oldrel-windows-x86_64 | 0.3.0 | 5.00 | 88.00 | 93.00 | OK |
Version: 0.3.0
Check: dependencies in R code
Result: NOTE
Namespace in Imports field not imported from: ‘knitr’
All declared Imports should be used.
Flavors: r-devel-linux-x86_64-fedora-clang, r-devel-linux-x86_64-fedora-gcc