Last updated on 2024-07-20 06:49:18 CEST.
Flavor | Version | Tinstall | Tcheck | Ttotal | Status | Flags |
---|---|---|---|---|---|---|
r-devel-linux-x86_64-debian-clang | 0.1-1 | 13.03 | 105.58 | 118.61 | OK | |
r-devel-linux-x86_64-debian-gcc | 0.1-1 | 11.55 | 77.56 | 89.11 | OK | |
r-devel-linux-x86_64-fedora-clang | 0.1-1 | 157.13 | OK | |||
r-devel-linux-x86_64-fedora-gcc | 0.1-1 | 144.81 | OK | |||
r-devel-windows-x86_64 | 0.1-1 | 15.00 | 92.00 | 107.00 | NOTE | |
r-patched-linux-x86_64 | 0.1-1 | 16.59 | 97.49 | 114.08 | OK | |
r-release-linux-x86_64 | 0.1-1 | 9.31 | 99.72 | 109.03 | OK | |
r-release-macos-arm64 | 0.1-1 | 44.00 | OK | |||
r-release-macos-x86_64 | 0.1-1 | 65.00 | OK | |||
r-release-windows-x86_64 | 0.1-1 | 17.00 | 94.00 | 111.00 | OK | |
r-oldrel-macos-arm64 | 0.1-1 | 51.00 | OK | |||
r-oldrel-macos-x86_64 | 0.1-1 | 110.00 | OK | |||
r-oldrel-windows-x86_64 | 0.1-1 | 20.00 | 111.00 | 131.00 | OK |
Version: 0.1-1
Check: Rd cross-references
Result: NOTE
Found the following Rd file(s) with Rd \link{} targets missing package
anchors:
simEGP.Rd: network
Please provide package anchors for all Rd \link{} targets not in the
package itself and the base packages.
Flavor: r-devel-windows-x86_64