Last updated on 2024-07-20 12:48:09 CEST.
Flavor | Version | Tinstall | Tcheck | Ttotal | Status | Flags |
---|---|---|---|---|---|---|
r-devel-linux-x86_64-debian-clang | 1.12-1 | 138.44 | 242.02 | 380.46 | OK | |
r-devel-linux-x86_64-debian-gcc | 1.12-1 | 115.84 | 167.42 | 283.26 | OK | |
r-devel-linux-x86_64-fedora-clang | 1.12-1 | 452.45 | OK | |||
r-devel-linux-x86_64-fedora-gcc | 1.12-1 | 509.74 | OK | |||
r-devel-windows-x86_64 | 1.12-1 | 108.00 | 192.00 | 300.00 | NOTE | |
r-patched-linux-x86_64 | 1.12-1 | 133.21 | 230.35 | 363.56 | OK | |
r-release-linux-x86_64 | 1.12-1 | 129.14 | 220.34 | 349.48 | OK | |
r-release-macos-arm64 | 1.12-1 | 103.00 | NOTE | |||
r-release-macos-x86_64 | 1.12-1 | 191.00 | NOTE | |||
r-release-windows-x86_64 | 1.12-1 | 106.00 | 194.00 | 300.00 | NOTE | |
r-oldrel-macos-arm64 | 1.12-1 | 102.00 | NOTE | |||
r-oldrel-macos-x86_64 | 1.12-1 | 257.00 | NOTE | |||
r-oldrel-windows-x86_64 | 1.12-1 | 138.00 | 242.00 | 380.00 | NOTE |
Version: 1.12-1
Check: installed package size
Result: NOTE
installed size is 13.9Mb
sub-directories of 1Mb or more:
libs 12.7Mb
Flavors: r-devel-windows-x86_64, r-release-macos-arm64, r-release-macos-x86_64, r-release-windows-x86_64, r-oldrel-macos-arm64, r-oldrel-macos-x86_64, r-oldrel-windows-x86_64