Last updated on 2024-07-20 12:48:09 CEST.
Flavor | Version | Tinstall | Tcheck | Ttotal | Status | Flags |
---|---|---|---|---|---|---|
r-devel-linux-x86_64-debian-clang | 1.0 | 10.22 | 92.18 | 102.40 | OK | |
r-devel-linux-x86_64-debian-gcc | 1.0 | 8.72 | 69.64 | 78.36 | OK | |
r-devel-linux-x86_64-fedora-clang | 1.0 | 138.89 | OK | |||
r-devel-linux-x86_64-fedora-gcc | 1.0 | 120.37 | OK | |||
r-devel-windows-x86_64 | 1.0 | 10.00 | 82.00 | 92.00 | NOTE | |
r-patched-linux-x86_64 | 1.0 | 13.70 | 89.47 | 103.17 | OK | |
r-release-linux-x86_64 | 1.0 | 11.11 | 87.74 | 98.85 | OK | |
r-release-macos-arm64 | 1.0 | 35.00 | OK | |||
r-release-macos-x86_64 | 1.0 | 55.00 | OK | |||
r-release-windows-x86_64 | 1.0 | 10.00 | 81.00 | 91.00 | OK | |
r-oldrel-macos-arm64 | 1.0 | 45.00 | OK | |||
r-oldrel-macos-x86_64 | 1.0 | 108.00 | OK | |||
r-oldrel-windows-x86_64 | 1.0 | 12.00 | 99.00 | 111.00 | OK |
Version: 1.0
Check: Rd cross-references
Result: NOTE
Found the following Rd file(s) with Rd \link{} targets missing package
anchors:
fpAnova.Rd: anovaBF
Please provide package anchors for all Rd \link{} targets not in the
package itself and the base packages.
Flavor: r-devel-windows-x86_64