Last updated on 2024-08-16 06:50:00 CEST.
Flavor | Version | Tinstall | Tcheck | Ttotal | Status | Flags |
---|---|---|---|---|---|---|
r-devel-linux-x86_64-debian-clang | 0.3-0.1 | 5.42 | 44.17 | 49.59 | NOTE | |
r-devel-linux-x86_64-debian-gcc | 0.3-0.1 | 3.78 | 30.51 | 34.29 | NOTE | |
r-devel-linux-x86_64-fedora-clang | 0.3-0.1 | 79.89 | NOTE | |||
r-devel-linux-x86_64-fedora-gcc | 0.3-0.1 | 75.18 | NOTE | |||
r-devel-windows-x86_64 | 0.3-0.1 | 6.00 | 67.00 | 73.00 | OK | |
r-patched-linux-x86_64 | 0.3-0.1 | 5.61 | 41.79 | 47.40 | NOTE | |
r-release-linux-x86_64 | 0.3-0.1 | 4.75 | 41.81 | 46.56 | NOTE | |
r-release-macos-arm64 | 0.3-0.1 | 24.00 | OK | |||
r-release-macos-x86_64 | 0.3-0.1 | 37.00 | OK | |||
r-release-windows-x86_64 | 0.3-0.1 | 6.00 | 64.00 | 70.00 | OK | |
r-oldrel-macos-arm64 | 0.3-0.1 | 25.00 | OK | |||
r-oldrel-macos-x86_64 | 0.3-0.1 | 38.00 | OK | |||
r-oldrel-windows-x86_64 | 0.3-0.1 | 7.00 | 72.00 | 79.00 | OK |
Version: 0.3-0.1
Check: for non-standard things in the check directory
Result: NOTE
Found the following files/directories:
‘flux.CH4.txt’
Flavors: r-devel-linux-x86_64-debian-clang, r-devel-linux-x86_64-debian-gcc, r-devel-linux-x86_64-fedora-clang, r-devel-linux-x86_64-fedora-gcc, r-patched-linux-x86_64, r-release-linux-x86_64
Version: 0.3-0.1
Check: Rd cross-references
Result: NOTE
Undeclared package ‘HMR’ in Rd xrefs
Flavor: r-devel-linux-x86_64-fedora-clang