Last updated on 2024-07-21 12:56:22 CEST.
Flavor | Version | Tinstall | Tcheck | Ttotal | Status | Flags |
---|---|---|---|---|---|---|
r-devel-linux-x86_64-debian-clang | 2.0-1 | 112.29 | 56.08 | 168.37 | OK | |
r-devel-linux-x86_64-debian-gcc | 2.0-1 | 81.99 | 42.17 | 124.16 | OK | |
r-devel-linux-x86_64-fedora-clang | 2.0-1 | 323.53 | OK | |||
r-devel-linux-x86_64-fedora-gcc | 2.0-1 | 327.65 | OK | |||
r-devel-windows-x86_64 | 2.0-1 | 93.00 | 91.00 | 184.00 | OK | |
r-patched-linux-x86_64 | 2.0-1 | 128.76 | 53.82 | 182.58 | OK | |
r-release-linux-x86_64 | 2.0-1 | 124.30 | 53.63 | 177.93 | OK | |
r-release-macos-arm64 | 2.0-1 | 60.00 | NOTE | |||
r-release-macos-x86_64 | 2.0-1 | 76.00 | NOTE | |||
r-release-windows-x86_64 | 2.0-1 | 122.00 | 88.00 | 210.00 | OK | |
r-oldrel-macos-arm64 | 2.0-1 | 84.00 | NOTE | |||
r-oldrel-macos-x86_64 | 2.0-1 | 117.00 | NOTE | |||
r-oldrel-windows-x86_64 | 2.0-1 | 149.00 | 99.00 | 248.00 | OK |
Version: 2.0-1
Check: installed package size
Result: NOTE
installed size is 6.0Mb
sub-directories of 1Mb or more:
libs 5.1Mb
Flavors: r-release-macos-arm64, r-release-macos-x86_64, r-oldrel-macos-arm64, r-oldrel-macos-x86_64