Last updated on 2024-07-20 12:48:10 CEST.
Flavor | Version | Tinstall | Tcheck | Ttotal | Status | Flags |
---|---|---|---|---|---|---|
r-devel-linux-x86_64-debian-clang | 1.0.1 | 8.32 | 204.99 | 213.31 | OK | |
r-devel-linux-x86_64-debian-gcc | 1.0.1 | 4.75 | 152.98 | 157.73 | OK | |
r-devel-linux-x86_64-fedora-clang | 1.0.1 | 281.61 | NOTE | |||
r-devel-linux-x86_64-fedora-gcc | 1.0.1 | 260.40 | OK | |||
r-devel-windows-x86_64 | 1.0.1 | 10.00 | 143.00 | 153.00 | OK | |
r-patched-linux-x86_64 | 1.0.1 | 7.32 | 198.08 | 205.40 | OK | |
r-release-linux-x86_64 | 1.0.1 | 5.11 | 199.04 | 204.15 | OK | |
r-release-macos-arm64 | 1.0.1 | 71.00 | OK | |||
r-release-macos-x86_64 | 1.0.1 | 115.00 | OK | |||
r-release-windows-x86_64 | 1.0.1 | 9.00 | 142.00 | 151.00 | OK | |
r-oldrel-macos-arm64 | 1.0.1 | 78.00 | OK | |||
r-oldrel-macos-x86_64 | 1.0.1 | 125.00 | OK | |||
r-oldrel-windows-x86_64 | 1.0.1 | 10.00 | 182.00 | 192.00 | OK |
Version: 1.0.1
Check: Rd cross-references
Result: NOTE
Undeclared package ‘rlang’ in Rd xrefs
Flavor: r-devel-linux-x86_64-fedora-clang