Last updated on 2024-08-16 06:50:01 CEST.
Flavor | Version | Tinstall | Tcheck | Ttotal | Status | Flags |
---|---|---|---|---|---|---|
r-devel-linux-x86_64-debian-clang | 0.1.0 | 7.00 | 58.36 | 65.36 | NOTE | |
r-devel-linux-x86_64-debian-gcc | 0.1.0 | 4.97 | 40.79 | 45.76 | NOTE | |
r-devel-linux-x86_64-fedora-clang | 0.1.0 | 104.83 | OK | |||
r-devel-linux-x86_64-fedora-gcc | 0.1.0 | 98.29 | OK | |||
r-devel-windows-x86_64 | 0.1.0 | 9.00 | 75.00 | 84.00 | NOTE | |
r-patched-linux-x86_64 | 0.1.0 | 10.77 | 54.13 | 64.90 | OK | |
r-release-linux-x86_64 | 0.1.0 | 7.00 | 54.89 | 61.89 | OK | |
r-release-macos-arm64 | 0.1.0 | 33.00 | OK | |||
r-release-macos-x86_64 | 0.1.0 | 49.00 | OK | |||
r-release-windows-x86_64 | 0.1.0 | 9.00 | 80.00 | 89.00 | OK | |
r-oldrel-macos-arm64 | 0.1.0 | 37.00 | OK | |||
r-oldrel-macos-x86_64 | 0.1.0 | 65.00 | OK | |||
r-oldrel-windows-x86_64 | 0.1.0 | 11.00 | 89.00 | 100.00 | OK |
Version: 0.1.0
Check: Rd cross-references
Result: NOTE
Found the following Rd file(s) with Rd \link{} targets missing package
anchors:
ggblend-package.Rd: ggplot
layer_list.Rd: ggplot2
partition.Rd: vars
Please provide package anchors for all Rd \link{} targets not in the
package itself and the base packages.
Flavors: r-devel-linux-x86_64-debian-clang, r-devel-linux-x86_64-debian-gcc, r-devel-windows-x86_64