Last updated on 2024-07-20 12:48:10 CEST.
Flavor | Version | Tinstall | Tcheck | Ttotal | Status | Flags |
---|---|---|---|---|---|---|
r-devel-linux-x86_64-debian-clang | 0.1.0 | 5.30 | 51.70 | 57.00 | NOTE | |
r-devel-linux-x86_64-debian-gcc | 0.1.0 | 4.34 | 39.78 | 44.12 | NOTE | |
r-devel-linux-x86_64-fedora-clang | 0.1.0 | 73.22 | NOTE | |||
r-devel-linux-x86_64-fedora-gcc | 0.1.0 | 69.62 | NOTE | |||
r-devel-windows-x86_64 | 0.1.0 | 10.00 | 60.00 | 70.00 | NOTE | |
r-patched-linux-x86_64 | 0.1.0 | 9.07 | 50.32 | 59.39 | NOTE | |
r-release-linux-x86_64 | 0.1.0 | 5.07 | 49.45 | 54.52 | NOTE | |
r-release-macos-arm64 | 0.1.0 | 27.00 | NOTE | |||
r-release-macos-x86_64 | 0.1.0 | 38.00 | NOTE | |||
r-release-windows-x86_64 | 0.1.0 | 8.00 | 60.00 | 68.00 | NOTE | |
r-oldrel-macos-arm64 | 0.1.0 | 30.00 | NOTE | |||
r-oldrel-macos-x86_64 | 0.1.0 | 41.00 | NOTE | |||
r-oldrel-windows-x86_64 | 0.1.0 | 10.00 | 66.00 | 76.00 | NOTE |
Version: 0.1.0
Check: LazyData
Result: NOTE
'LazyData' is specified without a 'data' directory
Flavors: r-devel-linux-x86_64-debian-clang, r-devel-linux-x86_64-debian-gcc, r-devel-linux-x86_64-fedora-clang, r-devel-linux-x86_64-fedora-gcc, r-devel-windows-x86_64, r-patched-linux-x86_64, r-release-linux-x86_64, r-release-macos-arm64, r-release-macos-x86_64, r-release-windows-x86_64, r-oldrel-macos-arm64, r-oldrel-macos-x86_64, r-oldrel-windows-x86_64
Version: 0.1.0
Check: Rd cross-references
Result: NOTE
Found the following Rd file(s) with Rd \link{} targets missing package
anchors:
geom_pointdensity.Rd: aes, aes_, ggplot, fortify, layer, borders
Please provide package anchors for all Rd \link{} targets not in the
package itself and the base packages.
Flavor: r-devel-windows-x86_64