Last updated on 2024-07-21 12:56:22 CEST.
Flavor | Version | Tinstall | Tcheck | Ttotal | Status | Flags |
---|---|---|---|---|---|---|
r-devel-linux-x86_64-debian-clang | 1.3 | 13.86 | 122.96 | 136.82 | OK | |
r-devel-linux-x86_64-debian-gcc | 1.3 | 12.21 | 95.51 | 107.72 | OK | |
r-devel-linux-x86_64-fedora-clang | 1.3 | 176.31 | NOTE | |||
r-devel-linux-x86_64-fedora-gcc | 1.3 | 163.88 | NOTE | |||
r-devel-windows-x86_64 | 1.3 | 15.00 | 103.00 | 118.00 | OK | |
r-patched-linux-x86_64 | 1.3 | 9.71 | 122.61 | 132.32 | OK | |
r-release-linux-x86_64 | 1.3 | 10.16 | 120.96 | 131.12 | OK | |
r-release-macos-arm64 | 1.3 | 50.00 | OK | |||
r-release-macos-x86_64 | 1.3 | 71.00 | OK | |||
r-release-windows-x86_64 | 1.3 | 14.00 | 103.00 | 117.00 | OK | |
r-oldrel-macos-arm64 | 1.3 | 53.00 | OK | |||
r-oldrel-macos-x86_64 | 1.3 | 85.00 | OK | |||
r-oldrel-windows-x86_64 | 1.3 | 19.00 | 127.00 | 146.00 | OK |
Version: 1.3
Check: dependencies in R code
Result: NOTE
Namespaces in Imports field not imported from:
‘nomogramFormula’ ‘survival’
All declared Imports should be used.
Flavors: r-devel-linux-x86_64-fedora-clang, r-devel-linux-x86_64-fedora-gcc