Last updated on 2024-07-20 06:49:21 CEST.
Flavor | Version | Tinstall | Tcheck | Ttotal | Status | Flags |
---|---|---|---|---|---|---|
r-devel-linux-x86_64-debian-clang | 0.0.4 | 28.82 | 465.91 | 494.73 | OK | |
r-devel-linux-x86_64-debian-gcc | 0.0.4 | 19.97 | 332.86 | 352.83 | OK | |
r-devel-linux-x86_64-fedora-clang | 0.0.4 | 616.09 | OK | |||
r-devel-linux-x86_64-fedora-gcc | 0.0.4 | 597.51 | OK | |||
r-devel-windows-x86_64 | 0.0.4 | 27.00 | 322.00 | 349.00 | OK | |
r-patched-linux-x86_64 | 0.0.4 | 29.12 | 450.88 | 480.00 | OK | |
r-release-linux-x86_64 | 0.0.4 | 22.13 | 453.62 | 475.75 | OK | |
r-release-macos-arm64 | 0.0.4 | 152.00 | NOTE | |||
r-release-macos-x86_64 | 0.0.4 | 269.00 | OK | |||
r-release-windows-x86_64 | 0.0.4 | 32.00 | 316.00 | 348.00 | OK | |
r-oldrel-macos-arm64 | 0.0.4 | 159.00 | NOTE | |||
r-oldrel-macos-x86_64 | 0.0.4 | 336.00 | OK | |||
r-oldrel-windows-x86_64 | 0.0.4 | 36.00 | 437.00 | 473.00 | OK |
Version: 0.0.4
Check: installed package size
Result: NOTE
installed size is 5.0Mb
sub-directories of 1Mb or more:
doc 1.6Mb
libs 2.4Mb
Flavors: r-release-macos-arm64, r-oldrel-macos-arm64