Last updated on 2024-06-10 06:50:10 CEST.
Flavor | Version | Tinstall | Tcheck | Ttotal | Status | Flags |
---|---|---|---|---|---|---|
r-devel-linux-x86_64-debian-clang | 0.9.4 | 18.22 | 143.90 | 162.12 | OK | |
r-devel-linux-x86_64-debian-gcc | 0.9.4 | 11.10 | 104.39 | 115.49 | OK | |
r-devel-linux-x86_64-fedora-clang | 0.9.4 | 194.99 | NOTE | |||
r-devel-linux-x86_64-fedora-gcc | 0.9.4 | 183.61 | NOTE | |||
r-devel-windows-x86_64 | 0.9.4 | 15.00 | 146.00 | 161.00 | OK | |
r-patched-linux-x86_64 | 0.9.4 | 16.74 | 136.62 | 153.36 | OK | |
r-release-linux-x86_64 | 0.9.4 | 9.42 | 132.05 | 141.47 | OK | |
r-release-macos-arm64 | 0.9.4 | 52.00 | OK | |||
r-release-macos-x86_64 | 0.9.4 | 81.00 | OK | |||
r-release-windows-x86_64 | 0.9.4 | 15.00 | 151.00 | 166.00 | OK | |
r-oldrel-macos-arm64 | 0.9.4 | 61.00 | OK | |||
r-oldrel-macos-x86_64 | 0.9.4 | 97.00 | NOTE | |||
r-oldrel-windows-x86_64 | 0.9.4 | 19.00 | 177.00 | 196.00 | OK |
Version: 0.9.4
Check: data for non-ASCII characters
Result: NOTE
Note: found 11 marked UTF-8 strings
Flavors: r-devel-linux-x86_64-fedora-clang, r-devel-linux-x86_64-fedora-gcc
Version: 0.9.4
Check: package dependencies
Result: NOTE
Package suggested but not available for checking: ‘geojsonio’
Flavor: r-oldrel-macos-x86_64