Last updated on 2024-07-19 12:53:23 CEST.
Flavor | Version | Tinstall | Tcheck | Ttotal | Status | Flags |
---|---|---|---|---|---|---|
r-devel-linux-x86_64-debian-clang | 0.1.0 | 7.47 | 54.25 | 61.72 | NOTE | |
r-devel-linux-x86_64-debian-gcc | 0.1.0 | 4.83 | 40.36 | 45.19 | NOTE | |
r-devel-linux-x86_64-fedora-clang | 0.1.0 | 78.48 | NOTE | |||
r-devel-linux-x86_64-fedora-gcc | 0.1.0 | 75.79 | NOTE | |||
r-devel-windows-x86_64 | 0.1.0 | 8.00 | 65.00 | 73.00 | NOTE | |
r-patched-linux-x86_64 | 0.1.0 | 4.34 | 52.13 | 56.47 | NOTE | |
r-release-linux-x86_64 | 0.1.0 | 4.54 | 51.81 | 56.35 | NOTE | |
r-release-macos-arm64 | 0.1.0 | 26.00 | NOTE | |||
r-release-macos-x86_64 | 0.1.0 | 45.00 | NOTE | |||
r-release-windows-x86_64 | 0.1.0 | 7.00 | 63.00 | 70.00 | NOTE | |
r-oldrel-macos-arm64 | 0.1.0 | 26.00 | OK | |||
r-oldrel-macos-x86_64 | 0.1.0 | 41.00 | OK | |||
r-oldrel-windows-x86_64 | 0.1.0 | 9.00 | 72.00 | 81.00 | OK |
Version: 0.1.0
Check: Rd files
Result: NOTE
checkRd: (-1) process_stats.Rd:11: Lost braces; missing escapes or markup?
11 | the {janitor} package}
| ^
checkRd: (-1) theme_industRial.Rd:40: Lost braces; missing escapes or markup?
40 | adapted from the package {cowplot} by Claus O.Wilke and reflects the principles
| ^
checkRd: (-1) theme_industRial.Rd:45: Lost braces; missing escapes or markup?
45 | It basically combines the half open theme with a grid background from {cowplot}
| ^
Flavors: r-devel-linux-x86_64-debian-clang, r-devel-linux-x86_64-debian-gcc, r-devel-linux-x86_64-fedora-clang, r-devel-linux-x86_64-fedora-gcc, r-devel-windows-x86_64, r-patched-linux-x86_64, r-release-linux-x86_64, r-release-macos-arm64, r-release-macos-x86_64, r-release-windows-x86_64
Version: 0.1.0
Check: data for non-ASCII characters
Result: NOTE
Note: found 2 marked UTF-8 strings
Flavors: r-devel-linux-x86_64-fedora-clang, r-devel-linux-x86_64-fedora-gcc