Last updated on 2024-08-16 06:50:03 CEST.
Flavor | Version | Tinstall | Tcheck | Ttotal | Status | Flags |
---|---|---|---|---|---|---|
r-devel-linux-x86_64-debian-clang | 0.2.3 | 9.78 | 119.91 | 129.69 | NOTE | |
r-devel-linux-x86_64-debian-gcc | 0.2.3 | 8.67 | 86.82 | 95.49 | NOTE | |
r-devel-linux-x86_64-fedora-clang | 0.2.3 | 219.98 | NOTE | |||
r-devel-linux-x86_64-fedora-gcc | 0.2.3 | 220.02 | NOTE | |||
r-devel-windows-x86_64 | 0.2.3 | 14.00 | 110.00 | 124.00 | NOTE | |
r-patched-linux-x86_64 | 0.2.3 | 12.20 | 113.28 | 125.48 | NOTE | |
r-release-linux-x86_64 | 0.2.3 | 12.50 | 115.11 | 127.61 | NOTE | |
r-release-macos-arm64 | 0.2.3 | 62.00 | NOTE | |||
r-release-macos-x86_64 | 0.2.3 | 88.00 | NOTE | |||
r-release-windows-x86_64 | 0.2.3 | 14.00 | 130.00 | 144.00 | NOTE | |
r-oldrel-macos-arm64 | 0.2.3 | 66.00 | NOTE | |||
r-oldrel-macos-x86_64 | 0.2.3 | 109.00 | NOTE | |||
r-oldrel-windows-x86_64 | 0.2.3 | 18.00 | 142.00 | 160.00 | NOTE |
Version: 0.2.3
Check: LazyData
Result: NOTE
'LazyData' is specified without a 'data' directory
Flavors: r-devel-linux-x86_64-debian-clang, r-devel-linux-x86_64-debian-gcc, r-devel-linux-x86_64-fedora-clang, r-devel-linux-x86_64-fedora-gcc, r-devel-windows-x86_64, r-patched-linux-x86_64, r-release-linux-x86_64, r-release-macos-arm64, r-release-macos-x86_64, r-release-windows-x86_64, r-oldrel-macos-arm64, r-oldrel-macos-x86_64, r-oldrel-windows-x86_64