Last updated on 2024-07-22 21:56:29 CEST.
Flavor | Version | Tinstall | Tcheck | Ttotal | Status | Flags |
---|---|---|---|---|---|---|
r-devel-linux-x86_64-debian-clang | 0.2 | 13.47 | 115.46 | 128.93 | NOTE | |
r-devel-linux-x86_64-debian-gcc | 0.2 | 10.59 | 87.55 | 98.14 | NOTE | |
r-devel-linux-x86_64-fedora-clang | 0.2 | 164.95 | NOTE | |||
r-devel-linux-x86_64-fedora-gcc | 0.2 | 154.09 | NOTE | |||
r-devel-windows-x86_64 | 0.2 | 14.00 | 95.00 | 109.00 | NOTE | |
r-patched-linux-x86_64 | 0.2 | 9.36 | 110.92 | 120.28 | NOTE | |
r-release-linux-x86_64 | 0.2 | 9.25 | 108.81 | 118.06 | NOTE | |
r-release-macos-arm64 | 0.2 | 39.00 | NOTE | |||
r-release-macos-x86_64 | 0.2 | 61.00 | NOTE | |||
r-release-windows-x86_64 | 0.2 | 14.00 | 97.00 | 111.00 | NOTE | |
r-oldrel-macos-arm64 | 0.2 | 43.00 | NOTE | |||
r-oldrel-macos-x86_64 | 0.2 | 71.00 | NOTE | |||
r-oldrel-windows-x86_64 | 0.2 | 19.00 | 119.00 | 138.00 | NOTE |
Version: 0.2
Check: LazyData
Result: NOTE
'LazyData' is specified without a 'data' directory
Flavors: r-devel-linux-x86_64-debian-clang, r-devel-linux-x86_64-debian-gcc, r-devel-linux-x86_64-fedora-clang, r-devel-linux-x86_64-fedora-gcc, r-devel-windows-x86_64, r-patched-linux-x86_64, r-release-linux-x86_64, r-release-macos-arm64, r-release-macos-x86_64, r-release-windows-x86_64, r-oldrel-macos-arm64, r-oldrel-macos-x86_64, r-oldrel-windows-x86_64