Last updated on 2024-07-20 06:49:22 CEST.
Flavor | Version | Tinstall | Tcheck | Ttotal | Status | Flags |
---|---|---|---|---|---|---|
r-devel-linux-x86_64-debian-clang | 0.1.2 | 53.77 | 141.42 | 195.19 | OK | |
r-devel-linux-x86_64-debian-gcc | 0.1.2 | 37.51 | 102.42 | 139.93 | OK | |
r-devel-linux-x86_64-fedora-clang | 0.1.2 | 289.79 | OK | |||
r-devel-linux-x86_64-fedora-gcc | 0.1.2 | 277.39 | OK | |||
r-devel-windows-x86_64 | 0.1.2 | 45.00 | 126.00 | 171.00 | NOTE | |
r-patched-linux-x86_64 | 0.1.2 | 59.44 | 133.79 | 193.23 | OK | |
r-release-linux-x86_64 | 0.1.2 | 56.91 | 130.15 | 187.06 | OK | |
r-release-macos-arm64 | 0.1.2 | 67.00 | OK | |||
r-release-macos-x86_64 | 0.1.2 | 97.00 | OK | |||
r-release-windows-x86_64 | 0.1.2 | 52.00 | 128.00 | 180.00 | NOTE | |
r-oldrel-macos-arm64 | 0.1.2 | 74.00 | OK | |||
r-oldrel-macos-x86_64 | 0.1.2 | 118.00 | OK | |||
r-oldrel-windows-x86_64 | 0.1.2 | 66.00 | 150.00 | 216.00 | NOTE |
Version: 0.1.2
Check: package dependencies
Result: NOTE
Package suggested but not available for checking: 'doMC'
Flavors: r-devel-windows-x86_64, r-release-windows-x86_64, r-oldrel-windows-x86_64