Last updated on 2024-07-04 00:59:47 CEST.
Flavor | Version | Tinstall | Tcheck | Ttotal | Status | Flags |
---|---|---|---|---|---|---|
r-devel-linux-x86_64-debian-clang | 1.0-0 | 2.05 | 34.13 | 36.18 | NOTE | |
r-devel-linux-x86_64-debian-gcc | 1.0-0 | 1.55 | 26.34 | 27.89 | NOTE | |
r-devel-linux-x86_64-fedora-clang | 1.0-0 | 48.22 | NOTE | |||
r-devel-linux-x86_64-fedora-gcc | 1.0-0 | 59.64 | NOTE | |||
r-devel-windows-x86_64 | 1.0-0 | 3.00 | 53.00 | 56.00 | NOTE | |
r-patched-linux-x86_64 | 1.0-0 | 1.97 | 33.31 | 35.28 | NOTE | |
r-release-linux-x86_64 | 1.0-0 | 2.02 | 32.46 | 34.48 | NOTE | |
r-release-macos-arm64 | 1.0-0 | 24.00 | NOTE | |||
r-release-macos-x86_64 | 1.0-0 | 34.00 | NOTE | |||
r-release-windows-x86_64 | 1.0-0 | 2.00 | 46.00 | 48.00 | NOTE | |
r-oldrel-macos-arm64 | 1.0-0 | 25.00 | NOTE | |||
r-oldrel-macos-x86_64 | 1.0-0 | 35.00 | NOTE | |||
r-oldrel-windows-x86_64 | 1.0-0 | 3.00 | 49.00 | 52.00 | NOTE |
Version: 1.0-0
Check: LazyData
Result: NOTE
'LazyData' is specified without a 'data' directory
Flavors: r-devel-linux-x86_64-debian-clang, r-devel-linux-x86_64-debian-gcc, r-devel-linux-x86_64-fedora-clang, r-devel-linux-x86_64-fedora-gcc, r-devel-windows-x86_64, r-patched-linux-x86_64, r-release-linux-x86_64, r-release-macos-arm64, r-release-macos-x86_64, r-release-windows-x86_64, r-oldrel-macos-arm64, r-oldrel-macos-x86_64, r-oldrel-windows-x86_64