Last updated on 2024-07-21 18:54:16 CEST.
Flavor | Version | Tinstall | Tcheck | Ttotal | Status | Flags |
---|---|---|---|---|---|---|
r-devel-linux-x86_64-debian-clang | 1.3.4 | 378.23 | 565.16 | 943.39 | OK | |
r-devel-linux-x86_64-debian-gcc | 1.3.4 | 249.30 | 425.26 | 674.56 | OK | |
r-devel-linux-x86_64-fedora-clang | 1.3.4 | 1354.97 | NOTE | |||
r-devel-linux-x86_64-fedora-gcc | 1.3.4 | 1356.03 | OK | |||
r-devel-windows-x86_64 | 1.3.4 | 268.00 | 441.00 | 709.00 | NOTE | |
r-patched-linux-x86_64 | 1.3.4 | 359.74 | 533.00 | 892.74 | OK | |
r-release-linux-x86_64 | 1.3.4 | 334.78 | 540.15 | 874.93 | OK | |
r-release-macos-arm64 | 1.3.4 | 327.00 | NOTE | |||
r-release-macos-x86_64 | 1.3.4 | 444.00 | NOTE | |||
r-release-windows-x86_64 | 1.3.4 | 307.00 | 444.00 | 751.00 | NOTE | |
r-oldrel-macos-arm64 | 1.3.4 | 302.00 | NOTE | |||
r-oldrel-macos-x86_64 | 1.3.4 | 609.00 | NOTE | |||
r-oldrel-windows-x86_64 | 1.3.4 | 382.00 | 580.00 | 962.00 | NOTE |
Version: 1.3.4
Check: installed package size
Result: NOTE
installed size is 8.5Mb
sub-directories of 1Mb or more:
R 1.7Mb
doc 2.8Mb
libs 2.1Mb
Flavors: r-devel-linux-x86_64-fedora-clang, r-devel-windows-x86_64, r-release-macos-arm64, r-release-macos-x86_64, r-release-windows-x86_64, r-oldrel-macos-arm64, r-oldrel-macos-x86_64, r-oldrel-windows-x86_64