Last updated on 2024-07-20 06:49:24 CEST.
Flavor | Version | Tinstall | Tcheck | Ttotal | Status | Flags |
---|---|---|---|---|---|---|
r-devel-linux-x86_64-debian-clang | 1.0.0 | 14.87 | 458.21 | 473.08 | OK | |
r-devel-linux-x86_64-debian-gcc | 1.0.0 | 10.15 | 357.87 | 368.02 | OK | |
r-devel-linux-x86_64-fedora-clang | 1.0.0 | 649.06 | OK | |||
r-devel-linux-x86_64-fedora-gcc | 1.0.0 | 563.34 | OK | |||
r-devel-windows-x86_64 | 1.0.0 | 12.00 | 235.00 | 247.00 | OK | |
r-patched-linux-x86_64 | 1.0.0 | 14.80 | 475.93 | 490.73 | OK | |
r-release-linux-x86_64 | 1.0.0 | 12.14 | 480.01 | 492.15 | OK | |
r-release-macos-arm64 | 1.0.0 | 176.00 | OK | |||
r-release-macos-x86_64 | 1.0.0 | 375.00 | OK | |||
r-release-windows-x86_64 | 1.0.0 | 11.00 | 240.00 | 251.00 | OK | |
r-oldrel-macos-arm64 | 1.0.0 | 9.00 | ERROR | |||
r-oldrel-macos-x86_64 | 1.0.0 | 11.00 | ERROR | |||
r-oldrel-windows-x86_64 | 1.0.0 | 15.00 | 323.00 | 338.00 | OK |
Version: 1.0.0
Check: package dependencies
Result: ERROR
Packages required and available but unsuitable versions: 'bbotk', 'paradox'
See section ‘The DESCRIPTION file’ in the ‘Writing R Extensions’
manual.
Flavors: r-oldrel-macos-arm64, r-oldrel-macos-x86_64