Last updated on 2024-07-17 00:48:24 CEST.
Flavor | Version | Tinstall | Tcheck | Ttotal | Status | Flags |
---|---|---|---|---|---|---|
r-devel-linux-x86_64-debian-clang | 1.0.1 | 180.18 | 106.48 | 286.66 | OK | |
r-devel-linux-x86_64-debian-gcc | 1.0.1 | 137.51 | 84.48 | 221.99 | OK | |
r-devel-linux-x86_64-fedora-clang | 1.0.1 | 392.02 | OK | |||
r-devel-linux-x86_64-fedora-gcc | 1.0.1 | 451.78 | OK | |||
r-devel-windows-x86_64 | 1.0.1 | 139.00 | 115.00 | 254.00 | OK | |
r-patched-linux-x86_64 | 1.0.1 | 168.84 | 112.39 | 281.23 | OK | |
r-release-linux-x86_64 | 1.0.1 | 166.29 | 110.01 | 276.30 | OK | |
r-release-macos-arm64 | 1.0.1 | 84.00 | NOTE | |||
r-release-macos-x86_64 | 1.0.1 | 108.00 | NOTE | |||
r-release-windows-x86_64 | 1.0.1 | 142.00 | 119.00 | 261.00 | OK | |
r-oldrel-macos-arm64 | 1.0.1 | 101.00 | NOTE | |||
r-oldrel-macos-x86_64 | 1.0.1 | 161.00 | NOTE | |||
r-oldrel-windows-x86_64 | 1.0.1 | 167.00 | 154.00 | 321.00 | OK |
Version: 1.0.1
Check: installed package size
Result: NOTE
installed size is 19.6Mb
sub-directories of 1Mb or more:
libs 19.3Mb
Flavors: r-release-macos-arm64, r-release-macos-x86_64, r-oldrel-macos-arm64, r-oldrel-macos-x86_64