Last updated on 2024-07-20 06:49:25 CEST.
Flavor | Version | Tinstall | Tcheck | Ttotal | Status | Flags |
---|---|---|---|---|---|---|
r-devel-linux-x86_64-debian-clang | 0.1.11 | 7.00 | 55.05 | 62.05 | OK | |
r-devel-linux-x86_64-debian-gcc | 0.1.11 | 4.15 | 42.12 | 46.27 | OK | |
r-devel-linux-x86_64-fedora-clang | 0.1.11 | 78.15 | NOTE | |||
r-devel-linux-x86_64-fedora-gcc | 0.1.11 | 71.90 | OK | |||
r-devel-windows-x86_64 | 0.1.11 | 8.00 | 62.00 | 70.00 | OK | |
r-patched-linux-x86_64 | 0.1.11 | 4.19 | 52.85 | 57.04 | OK | |
r-release-linux-x86_64 | 0.1.11 | 3.57 | 53.68 | 57.25 | OK | |
r-release-macos-arm64 | 0.1.11 | 26.00 | OK | |||
r-release-macos-x86_64 | 0.1.11 | 40.00 | OK | |||
r-release-windows-x86_64 | 0.1.11 | 6.00 | 64.00 | 70.00 | OK | |
r-oldrel-macos-arm64 | 0.1.11 | 30.00 | OK | |||
r-oldrel-macos-x86_64 | 0.1.11 | 39.00 | OK | |||
r-oldrel-windows-x86_64 | 0.1.11 | 8.00 | 76.00 | 84.00 | OK |
Version: 0.1.11
Check: Rd cross-references
Result: NOTE
Undeclared packages ‘lme4’, ‘rstanarm’, ‘dplyr’ in Rd xrefs
Flavor: r-devel-linux-x86_64-fedora-clang