Last updated on 2024-07-20 06:49:26 CEST.
Flavor | Version | Tinstall | Tcheck | Ttotal | Status | Flags |
---|---|---|---|---|---|---|
r-devel-linux-x86_64-debian-clang | 1.18.2 | 15.31 | 108.04 | 123.35 | OK | |
r-devel-linux-x86_64-debian-gcc | 1.18.2 | 12.80 | 78.42 | 91.22 | OK | |
r-devel-linux-x86_64-fedora-clang | 1.18.2 | 151.80 | OK | |||
r-devel-linux-x86_64-fedora-gcc | 1.18.2 | 155.21 | OK | |||
r-devel-windows-x86_64 | 1.18.2 | 21.00 | 120.00 | 141.00 | NOTE | |
r-patched-linux-x86_64 | 1.18.2 | 22.83 | 102.78 | 125.61 | OK | |
r-release-linux-x86_64 | 1.18.2 | 15.70 | 100.43 | 116.13 | OK | |
r-release-macos-arm64 | 1.18.2 | 61.00 | OK | |||
r-release-macos-x86_64 | 1.18.2 | 88.00 | OK | |||
r-release-windows-x86_64 | 1.18.2 | 17.00 | 120.00 | 137.00 | OK | |
r-oldrel-macos-arm64 | 1.18.2 | 65.00 | OK | |||
r-oldrel-macos-x86_64 | 1.18.2 | 107.00 | OK | |||
r-oldrel-windows-x86_64 | 1.18.2 | 23.00 | 136.00 | 159.00 | OK |
Version: 1.18.2
Check: Rd cross-references
Result: NOTE
Found the following Rd file(s) with Rd \link{} targets missing package
anchors:
as.edgelist.Rd: tibble
as.matrix.network.Rd: tibble
Please provide package anchors for all Rd \link{} targets not in the
package itself and the base packages.
Flavor: r-devel-windows-x86_64